{"id":2178,"date":"2023-09-24T01:26:07","date_gmt":"2023-09-24T01:26:07","guid":{"rendered":"https:\/\/nexus.nexusrelocation.mx\/?page_id=2178"},"modified":"2023-09-24T02:27:52","modified_gmt":"2023-09-24T02:27:52","slug":"relocation","status":"publish","type":"page","link":"https:\/\/nexus.nexusrelocation.mx\/index.php\/relocation\/","title":{"rendered":"RELOCATION"},"content":{"rendered":"\t\t<div data-elementor-type=\"wp-page\" data-elementor-id=\"2178\" class=\"elementor elementor-2178\" data-elementor-post-type=\"page\">\n\t\t\t\t\t\t<section class=\"elementor-section elementor-top-section elementor-element elementor-element-31e03343 elementor-section-full_width elementor-section-height-min-height elementor-section-height-default elementor-section-items-middle\" data-id=\"31e03343\" data-element_type=\"section\" data-settings=\"{&quot;background_background&quot;:&quot;video&quot;,&quot;background_video_link&quot;:&quot;https:\\\/\\\/nexus.nexusrelocation.mx\\\/wp-content\\\/uploads\\\/2023\\\/09\\\/commercial-airplane-over-clouds-arriving-country-m-2022-08-10-10-06-51-utc.mp4&quot;,&quot;background_play_on_mobile&quot;:&quot;yes&quot;}\">\n\t\t\t\t\t\t\t\t<div class=\"elementor-background-video-container\">\n\t\t\t\t\t\t\t\t\t\t\t\t\t<video class=\"elementor-background-video-hosted\" autoplay muted playsinline loop><\/video>\n\t\t\t\t\t\t\t\t\t\t\t<\/div>\n\t\t\t\t\t\t\t\t\t<div class=\"elementor-background-overlay\"><\/div>\n\t\t\t\t\t\t\t<div class=\"elementor-container elementor-column-gap-default\">\n\t\t\t\t\t<div class=\"elementor-column elementor-col-100 elementor-top-column elementor-element elementor-element-3573d9c7\" data-id=\"3573d9c7\" data-element_type=\"column\">\n\t\t\t<div class=\"elementor-widget-wrap elementor-element-populated\">\n\t\t\t\t\t\t<div class=\"elementor-element elementor-element-19dd5491 elementor-invisible elementor-widget elementor-widget-heading\" data-id=\"19dd5491\" data-element_type=\"widget\" data-settings=\"{&quot;_animation&quot;:&quot;fadeInDown&quot;}\" data-widget_type=\"heading.default\">\n\t\t\t\t<div class=\"elementor-widget-container\">\n\t\t\t\t\t<h2 class=\"elementor-heading-title elementor-size-default\">Descubre en NEXUS las Soluciones Expertas <\/BR>que Simplifican tu Reubicaci\u00f3n<\/h2>\t\t\t\t<\/div>\n\t\t\t\t<\/div>\n\t\t\t\t\t<\/div>\n\t\t<\/div>\n\t\t\t\t\t<\/div>\n\t\t<\/section>\n\t\t\t\t<section class=\"elementor-section elementor-top-section elementor-element elementor-element-7a2a8503 elementor-section-full_width elementor-section-height-default elementor-section-height-default\" data-id=\"7a2a8503\" data-element_type=\"section\" data-settings=\"{&quot;background_background&quot;:&quot;classic&quot;}\">\n\t\t\t\t\t\t<div class=\"elementor-container elementor-column-gap-default\">\n\t\t\t\t\t<div class=\"elementor-column elementor-col-100 elementor-top-column elementor-element elementor-element-23238866\" data-id=\"23238866\" data-element_type=\"column\">\n\t\t\t<div class=\"elementor-widget-wrap elementor-element-populated\">\n\t\t\t\t\t\t<div class=\"elementor-element elementor-element-3fb339bc elementor-invisible elementor-widget elementor-widget-text-editor\" data-id=\"3fb339bc\" data-element_type=\"widget\" data-settings=\"{&quot;_animation&quot;:&quot;fadeInUp&quot;}\" data-widget_type=\"text-editor.default\">\n\t\t\t\t<div class=\"elementor-widget-container\">\n\t\t\t\t\t\t\t\t\t<p>Deja que NEXUS sea tu gu\u00eda confiable, allanando el camino para que puedas concentrarte en lo m\u00e1s importante: aprovechar al m\u00e1ximo esta nueva etapa de tu vida. Estamos aqu\u00ed para hacer que tu reubicaci\u00f3n sea un \u00e9xito rotundo.<\/p>\t\t\t\t\t\t\t\t<\/div>\n\t\t\t\t<\/div>\n\t\t\t\t\t<\/div>\n\t\t<\/div>\n\t\t\t\t\t<\/div>\n\t\t<\/section>\n\t\t\t\t<section class=\"elementor-section elementor-top-section elementor-element elementor-element-3efc4d65 elementor-section-full_width elementor-section-content-middle elementor-section-height-default elementor-section-height-default\" data-id=\"3efc4d65\" data-element_type=\"section\" data-settings=\"{&quot;background_background&quot;:&quot;classic&quot;}\">\n\t\t\t\t\t\t<div class=\"elementor-container elementor-column-gap-no\">\n\t\t\t\t\t<div class=\"elementor-column elementor-col-50 elementor-top-column elementor-element elementor-element-61312fd0\" data-id=\"61312fd0\" data-element_type=\"column\">\n\t\t\t<div class=\"elementor-widget-wrap elementor-element-populated\">\n\t\t\t\t\t\t<div class=\"elementor-element elementor-element-726e33ef elementor-invisible elementor-widget elementor-widget-heading\" data-id=\"726e33ef\" data-element_type=\"widget\" data-settings=\"{&quot;_animation&quot;:&quot;fadeInDown&quot;}\" data-widget_type=\"heading.default\">\n\t\t\t\t<div class=\"elementor-widget-container\">\n\t\t\t\t\t<h2 class=\"elementor-heading-title elementor-size-default\">2.\tTU COMPA\u00d1ERO EN LA AVENTURA MEXICANA<\/h2>\t\t\t\t<\/div>\n\t\t\t\t<\/div>\n\t\t\t\t<div class=\"elementor-element elementor-element-4bff9bc7 elementor-invisible elementor-widget elementor-widget-text-editor\" data-id=\"4bff9bc7\" data-element_type=\"widget\" data-settings=\"{&quot;_animation&quot;:&quot;fadeInDown&quot;}\" data-widget_type=\"text-editor.default\">\n\t\t\t\t<div class=\"elementor-widget-container\">\n\t\t\t\t\t\t\t\t\t<p>En Nexus entendemos que arribar a un nuevo pa\u00eds por primera vez puede abrumarte. Por eso, hemos dise\u00f1ado un programa exclusivo con un solo prop\u00f3sito: familiarizarte con tu nuevo hogar. Te proporcionamos informaci\u00f3n esencial para que t\u00fa y tu familia puedan desenvolverse con facilidad en esta ciudad que ahora llamas casa. Nuestro enfoque es simple: ofrecerte una experiencia de &#8220;Familiarizaci\u00f3n&#8221; adaptada a tus tiempos, intereses y necesidades.<\/p>\t\t\t\t\t\t\t\t<\/div>\n\t\t\t\t<\/div>\n\t\t\t\t<div class=\"elementor-element elementor-element-3c30e7 elementor-invisible elementor-widget elementor-widget-heading\" data-id=\"3c30e7\" data-element_type=\"widget\" data-settings=\"{&quot;_animation&quot;:&quot;fadeInLeft&quot;}\" data-widget_type=\"heading.default\">\n\t\t\t\t<div class=\"elementor-widget-container\">\n\t\t\t\t\t<h2 class=\"elementor-heading-title elementor-size-default\">\u00bfC\u00f3mo hacemos para que te sientas como en casa? Aqu\u00ed te contamos:<\/h2>\t\t\t\t<\/div>\n\t\t\t\t<\/div>\n\t\t\t\t<div class=\"elementor-element elementor-element-4225ffed elementor-invisible elementor-widget elementor-widget-toggle\" data-id=\"4225ffed\" data-element_type=\"widget\" data-settings=\"{&quot;_animation&quot;:&quot;fadeInLeft&quot;}\" data-widget_type=\"toggle.default\">\n\t\t\t\t<div class=\"elementor-widget-container\">\n\t\t\t\t\t\t\t<div class=\"elementor-toggle\">\n\t\t\t\t\t\t\t<div class=\"elementor-toggle-item\">\n\t\t\t\t\t<div id=\"elementor-tab-title-1101\" class=\"elementor-tab-title\" data-tab=\"1\" role=\"button\" aria-controls=\"elementor-tab-content-1101\" aria-expanded=\"false\">\n\t\t\t\t\t\t\t\t\t\t\t\t<span class=\"elementor-toggle-icon elementor-toggle-icon-left\" aria-hidden=\"true\">\n\t\t\t\t\t\t\t\t\t\t\t\t\t\t\t<span class=\"elementor-toggle-icon-closed\"><i class=\"fas fa-caret-right\"><\/i><\/span>\n\t\t\t\t\t\t\t\t<span class=\"elementor-toggle-icon-opened\"><i class=\"elementor-toggle-icon-opened fas fa-caret-up\"><\/i><\/span>\n\t\t\t\t\t\t\t\t\t\t\t\t\t<\/span>\n\t\t\t\t\t\t\t\t\t\t\t\t<a class=\"elementor-toggle-title\" tabindex=\"0\">2.1.\tHogar a tu Medida: <\/a>\n\t\t\t\t\t<\/div>\n\n\t\t\t\t\t<div id=\"elementor-tab-content-1101\" class=\"elementor-tab-content elementor-clearfix\" data-tab=\"1\" role=\"region\" aria-labelledby=\"elementor-tab-title-1101\"><p style=\"text-align: justify;\">Basados en datos sobre diversos vecindarios, opciones de compra y alquiler, te ayudamos a encontrar la vivienda perfecta para ti. Adem\u00e1s, brindamos soporte en la negociaci\u00f3n de contratos, todo con el enfoque de satisfacer las necesidades y posibilidades de tu familia.<\/p><\/div>\n\t\t\t\t<\/div>\n\t\t\t\t\t\t\t<div class=\"elementor-toggle-item\">\n\t\t\t\t\t<div id=\"elementor-tab-title-1102\" class=\"elementor-tab-title\" data-tab=\"2\" role=\"button\" aria-controls=\"elementor-tab-content-1102\" aria-expanded=\"false\">\n\t\t\t\t\t\t\t\t\t\t\t\t<span class=\"elementor-toggle-icon elementor-toggle-icon-left\" aria-hidden=\"true\">\n\t\t\t\t\t\t\t\t\t\t\t\t\t\t\t<span class=\"elementor-toggle-icon-closed\"><i class=\"fas fa-caret-right\"><\/i><\/span>\n\t\t\t\t\t\t\t\t<span class=\"elementor-toggle-icon-opened\"><i class=\"elementor-toggle-icon-opened fas fa-caret-up\"><\/i><\/span>\n\t\t\t\t\t\t\t\t\t\t\t\t\t<\/span>\n\t\t\t\t\t\t\t\t\t\t\t\t<a class=\"elementor-toggle-title\" tabindex=\"0\">2.2.\tComercio, Salud y Diversi\u00f3n: <\/a>\n\t\t\t\t\t<\/div>\n\n\t\t\t\t\t<div id=\"elementor-tab-content-1102\" class=\"elementor-tab-content elementor-clearfix\" data-tab=\"2\" role=\"region\" aria-labelledby=\"elementor-tab-title-1102\"><p style=\"text-align: justify;\">Te ofrecemos informaci\u00f3n vital sobre los principales centros comerciales, supermercados, tiendas especializadas y puntos de inter\u00e9s y entretenimiento. Desde parques y museos hasta cines, restaurantes y cafeter\u00edas, tendr\u00e1s a tu alcance todo lo necesario para disfrutar de tu tiempo libre y explorar las costumbres y cultura de tu nueva ciudad. Tambi\u00e9n estamos aqu\u00ed para orientarte en caso de que necesites atenci\u00f3n m\u00e9dica.<\/p><\/div>\n\t\t\t\t<\/div>\n\t\t\t\t\t\t\t<div class=\"elementor-toggle-item\">\n\t\t\t\t\t<div id=\"elementor-tab-title-1103\" class=\"elementor-tab-title\" data-tab=\"3\" role=\"button\" aria-controls=\"elementor-tab-content-1103\" aria-expanded=\"false\">\n\t\t\t\t\t\t\t\t\t\t\t\t<span class=\"elementor-toggle-icon elementor-toggle-icon-left\" aria-hidden=\"true\">\n\t\t\t\t\t\t\t\t\t\t\t\t\t\t\t<span class=\"elementor-toggle-icon-closed\"><i class=\"fas fa-caret-right\"><\/i><\/span>\n\t\t\t\t\t\t\t\t<span class=\"elementor-toggle-icon-opened\"><i class=\"elementor-toggle-icon-opened fas fa-caret-up\"><\/i><\/span>\n\t\t\t\t\t\t\t\t\t\t\t\t\t<\/span>\n\t\t\t\t\t\t\t\t\t\t\t\t<a class=\"elementor-toggle-title\" tabindex=\"0\">2.3.\tEducaci\u00f3n Personalizada: <\/a>\n\t\t\t\t\t<\/div>\n\n\t\t\t\t\t<div id=\"elementor-tab-content-1103\" class=\"elementor-tab-content elementor-clearfix\" data-tab=\"3\" role=\"region\" aria-labelledby=\"elementor-tab-title-1103\"><p>Te brindamos asesoramiento y apoyo para elegir la escuela que se adapte a las necesidades e intereses de tu familia. Contamos con informaci\u00f3n sobre costos, sistemas educativos, programas extracurriculares, opciones de idiomas y otros aspectos especiales que t\u00fa y tu familia podr\u00edan requerir.<\/p><\/div>\n\t\t\t\t<\/div>\n\t\t\t\t\t\t\t<div class=\"elementor-toggle-item\">\n\t\t\t\t\t<div id=\"elementor-tab-title-1104\" class=\"elementor-tab-title\" data-tab=\"4\" role=\"button\" aria-controls=\"elementor-tab-content-1104\" aria-expanded=\"false\">\n\t\t\t\t\t\t\t\t\t\t\t\t<span class=\"elementor-toggle-icon elementor-toggle-icon-left\" aria-hidden=\"true\">\n\t\t\t\t\t\t\t\t\t\t\t\t\t\t\t<span class=\"elementor-toggle-icon-closed\"><i class=\"fas fa-caret-right\"><\/i><\/span>\n\t\t\t\t\t\t\t\t<span class=\"elementor-toggle-icon-opened\"><i class=\"elementor-toggle-icon-opened fas fa-caret-up\"><\/i><\/span>\n\t\t\t\t\t\t\t\t\t\t\t\t\t<\/span>\n\t\t\t\t\t\t\t\t\t\t\t\t<a class=\"elementor-toggle-title\" tabindex=\"0\">2.4.\tServicios a tu Alcance: <\/a>\n\t\t\t\t\t<\/div>\n\n\t\t\t\t\t<div id=\"elementor-tab-content-1104\" class=\"elementor-tab-content elementor-clearfix\" data-tab=\"4\" role=\"region\" aria-labelledby=\"elementor-tab-title-1104\"><p style=\"text-align: justify;\">Desde la orientaci\u00f3n hasta el acompa\u00f1amiento, te ayudamos a gestionar servicios esenciales para tu nuevo hogar, como electricidad, agua, gas, tel\u00e9fono, internet y televisi\u00f3n por cable. Tambi\u00e9n te guiaremos en la apertura de cuentas bancarias y otros tr\u00e1mites importantes.<\/p><\/div>\n\t\t\t\t<\/div>\n\t\t\t\t\t\t\t\t<\/div>\n\t\t\t\t\t\t<\/div>\n\t\t\t\t<\/div>\n\t\t\t\t<div class=\"elementor-element elementor-element-39688e elementor-invisible elementor-widget elementor-widget-text-editor\" data-id=\"39688e\" data-element_type=\"widget\" data-settings=\"{&quot;_animation&quot;:&quot;fadeInLeft&quot;}\" data-widget_type=\"text-editor.default\">\n\t\t\t\t<div class=\"elementor-widget-container\">\n\t\t\t\t\t\t\t\t\t<p>En Nexus, estamos aqu\u00ed para que te sientas bienvenido(a), confiado(a) y listo(a) para abrazar tu nueva vida en M\u00e9xico. \u00a1Tu viaje comienza con nosotros!<\/p>\t\t\t\t\t\t\t\t<\/div>\n\t\t\t\t<\/div>\n\t\t\t\t\t<\/div>\n\t\t<\/div>\n\t\t\t\t<div class=\"elementor-column elementor-col-50 elementor-top-column elementor-element elementor-element-562ecde7\" data-id=\"562ecde7\" data-element_type=\"column\">\n\t\t\t<div class=\"elementor-widget-wrap elementor-element-populated\">\n\t\t\t\t\t\t<div class=\"elementor-element elementor-element-720ff4fe elementor-invisible elementor-widget elementor-widget-image\" data-id=\"720ff4fe\" data-element_type=\"widget\" data-settings=\"{&quot;_animation&quot;:&quot;fadeInDown&quot;}\" data-widget_type=\"image.default\">\n\t\t\t\t<div class=\"elementor-widget-container\">\n\t\t\t\t\t\t\t\t\t\t\t\t\t\t\t<img fetchpriority=\"high\" decoding=\"async\" width=\"1828\" height=\"2560\" src=\"https:\/\/nexus.nexusrelocation.mx\/wp-content\/uploads\/2023\/09\/rsz_familia-completa-lista-mudarse-nuevo-hogar-1-scaled.jpg\" class=\"attachment-full size-full wp-image-2145\" alt=\"\" srcset=\"https:\/\/nexus.nexusrelocation.mx\/wp-content\/uploads\/2023\/09\/rsz_familia-completa-lista-mudarse-nuevo-hogar-1-scaled.jpg 1828w, https:\/\/nexus.nexusrelocation.mx\/wp-content\/uploads\/2023\/09\/rsz_familia-completa-lista-mudarse-nuevo-hogar-1-214x300.jpg 214w, https:\/\/nexus.nexusrelocation.mx\/wp-content\/uploads\/2023\/09\/rsz_familia-completa-lista-mudarse-nuevo-hogar-1-731x1024.jpg 731w, https:\/\/nexus.nexusrelocation.mx\/wp-content\/uploads\/2023\/09\/rsz_familia-completa-lista-mudarse-nuevo-hogar-1-768x1076.jpg 768w, https:\/\/nexus.nexusrelocation.mx\/wp-content\/uploads\/2023\/09\/rsz_familia-completa-lista-mudarse-nuevo-hogar-1-1097x1536.jpg 1097w, https:\/\/nexus.nexusrelocation.mx\/wp-content\/uploads\/2023\/09\/rsz_familia-completa-lista-mudarse-nuevo-hogar-1-1462x2048.jpg 1462w\" sizes=\"(max-width: 1828px) 100vw, 1828px\" \/>\t\t\t\t\t\t\t\t\t\t\t\t\t\t\t<\/div>\n\t\t\t\t<\/div>\n\t\t\t\t\t<\/div>\n\t\t<\/div>\n\t\t\t\t\t<\/div>\n\t\t<\/section>\n\t\t\t\t<section class=\"elementor-section elementor-top-section elementor-element elementor-element-58bbc70 elementor-section-full_width elementor-section-height-min-height elementor-section-height-default elementor-section-items-middle\" data-id=\"58bbc70\" data-element_type=\"section\" data-settings=\"{&quot;background_background&quot;:&quot;video&quot;,&quot;background_video_link&quot;:&quot;https:\\\/\\\/nexus.nexusrelocation.mx\\\/wp-content\\\/uploads\\\/2023\\\/09\\\/family-with-face-boxes-having-fun-together-in-new-2022-08-10-12-31-53-utc.mp4&quot;}\">\n\t\t\t\t\t\t\t\t<div class=\"elementor-background-video-container elementor-hidden-mobile\">\n\t\t\t\t\t\t\t\t\t\t\t\t\t<video class=\"elementor-background-video-hosted\" autoplay muted playsinline loop><\/video>\n\t\t\t\t\t\t\t\t\t\t\t<\/div>\n\t\t\t\t\t\t\t\t\t<div class=\"elementor-background-overlay\"><\/div>\n\t\t\t\t\t\t\t<div class=\"elementor-container elementor-column-gap-default\">\n\t\t\t\t\t<div class=\"elementor-column elementor-col-100 elementor-top-column elementor-element elementor-element-3657d7b8\" data-id=\"3657d7b8\" data-element_type=\"column\">\n\t\t\t<div class=\"elementor-widget-wrap\">\n\t\t\t\t\t\t\t<\/div>\n\t\t<\/div>\n\t\t\t\t\t<\/div>\n\t\t<\/section>\n\t\t\t\t<\/div>\n\t\t","protected":false},"excerpt":{"rendered":"<p>Descubre en NEXUS las Soluciones Expertas que Simplifican tu Reubicaci\u00f3n Deja que NEXUS sea tu gu\u00eda confiable, allanando el camino para que puedas concentrarte en lo m\u00e1s importante: aprovechar al m\u00e1ximo esta nueva etapa de tu vida. Estamos aqu\u00ed para hacer que tu reubicaci\u00f3n sea un \u00e9xito rotundo. 2. TU COMPA\u00d1ERO EN LA AVENTURA MEXICANA [&hellip;]<\/p>\n","protected":false},"author":1,"featured_media":0,"parent":0,"menu_order":0,"comment_status":"closed","ping_status":"closed","template":"elementor_header_footer","meta":{"footnotes":""},"_links":{"self":[{"href":"https:\/\/nexus.nexusrelocation.mx\/index.php\/wp-json\/wp\/v2\/pages\/2178"}],"collection":[{"href":"https:\/\/nexus.nexusrelocation.mx\/index.php\/wp-json\/wp\/v2\/pages"}],"about":[{"href":"https:\/\/nexus.nexusrelocation.mx\/index.php\/wp-json\/wp\/v2\/types\/page"}],"author":[{"embeddable":true,"href":"https:\/\/nexus.nexusrelocation.mx\/index.php\/wp-json\/wp\/v2\/users\/1"}],"replies":[{"embeddable":true,"href":"https:\/\/nexus.nexusrelocation.mx\/index.php\/wp-json\/wp\/v2\/comments?post=2178"}],"version-history":[{"count":16,"href":"https:\/\/nexus.nexusrelocation.mx\/index.php\/wp-json\/wp\/v2\/pages\/2178\/revisions"}],"predecessor-version":[{"id":2282,"href":"https:\/\/nexus.nexusrelocation.mx\/index.php\/wp-json\/wp\/v2\/pages\/2178\/revisions\/2282"}],"wp:attachment":[{"href":"https:\/\/nexus.nexusrelocation.mx\/index.php\/wp-json\/wp\/v2\/media?parent=2178"}],"curies":[{"name":"wp","href":"https:\/\/api.w.org\/{rel}","templated":true}]}}